{"id":1738,"date":"2022-02-16T16:50:40","date_gmt":"2022-02-16T22:50:40","guid":{"rendered":"http:\/\/innovateprogramme.com\/?page_id=1738"},"modified":"2025-08-29T07:39:17","modified_gmt":"2025-08-29T13:39:17","slug":"centroamerica-2025","status":"publish","type":"page","link":"https:\/\/innovateprogramme.com\/index.php\/centroamerica-2025\/","title":{"rendered":"Roads Centroam\u00e9rica 2025"},"content":{"rendered":"<p>[et_pb_section fb_built=\u00bb1&#8243; _builder_version=\u00bb4.4.3&#8243;][et_pb_row _builder_version=\u00bb4.4.3&#8243;][et_pb_column type=\u00bb4_4&#8243; _builder_version=\u00bb4.4.3&#8243;][et_pb_text _builder_version=\u00bb4.4.3&#8243; header_font=\u00bb|700|||||||\u00bb header_text_color=\u00bb#0c71c3&#8243; header_font_size=\u00bb100px\u00bb]<\/p>\n<h1>Roads to Innovate<br \/> <span style=\"color: #ff4e73;\">Centroam\u00e9rica 2025<\/span><\/h1>\n<p>[\/et_pb_text][et_pb_button button_url=\u00bbhttps:\/\/docs.google.com\/forms\/d\/e\/1FAIpQLSfCRvjKcMTvvpds8nEoE31wZUG5PPMrr2Cpl3nXu8LFZFNjNA\/viewform?usp=dialog\u00bb url_new_window=\u00bbon\u00bb button_text=\u00bb\u00a1REGISTRATE AQU\u00cd!\u00bb button_alignment=\u00bbcenter\u00bb _builder_version=\u00bb4.5.3&#8243; custom_button=\u00bbon\u00bb button_text_color=\u00bb#ffffff\u00bb button_bg_color=\u00bb#0c71c3&#8243; button_border_radius=\u00bb50px\u00bb hover_enabled=\u00bb0&#8243;][\/et_pb_button][et_pb_button button_url=\u00bbhttps:\/\/innovateprogramme.com\/wp-content\/uploads\/2025\/02\/Bases-de-Participacion-Road-MX-CA-2025.pdf\u00bb url_new_window=\u00bbon\u00bb button_text=\u00bbVer bases de participaci\u00f3n\u00bb button_alignment=\u00bbcenter\u00bb _builder_version=\u00bb4.5.3&#8243; custom_button=\u00bbon\u00bb button_text_color=\u00bb#ffffff\u00bb button_bg_color=\u00bb#ff4e73&#8243; button_border_radius=\u00bb50px\u00bb][\/et_pb_button][\/et_pb_column][\/et_pb_row][\/et_pb_section][et_pb_section fb_built=\u00bb1&#8243; custom_padding_last_edited=\u00bbon|tablet\u00bb admin_label=\u00bbSchedule\u00bb _builder_version=\u00bb4.4.3&#8243; background_color=\u00bb#fcfcfc\u00bb background_color_gradient_direction=\u00bb90deg\u00bb background_image=\u00bbhttp:\/\/innovateprogramme.com\/wp-content\/uploads\/2020\/11\/Innovate_Logo-2020W.png\u00bb background_size=\u00bbcontain\u00bb background_position=\u00bbtop_center\u00bb width=\u00bb100%\u00bb max_width_tablet=\u00bb\u00bb max_width_phone=\u00bb100%\u00bb max_width_last_edited=\u00bbon|phone\u00bb custom_margin=\u00bb|||\u00bb custom_padding=\u00bb|10vw||\u00bb custom_padding_tablet=\u00bb|0vw||\u00bb custom_padding_phone=\u00bb\u00bb border_color_all=\u00bb#2c7eb7&#8243; border_width_left=\u00bb10vw\u00bb locked=\u00bboff\u00bb][et_pb_row _builder_version=\u00bb3.25&#8243; custom_margin=\u00bb|auto|1px|auto||\u00bb locked=\u00bboff\u00bb][et_pb_column type=\u00bb4_4&#8243; _builder_version=\u00bb3.25&#8243; custom_padding=\u00bb|||\u00bb custom_padding__hover=\u00bb|||\u00bb][et_pb_text _builder_version=\u00bb4.4.3&#8243; text_font=\u00bb||||||||\u00bb text_font_size=\u00bb20px\u00bb text_line_height=\u00bb1.9em\u00bb header_font=\u00bb||||||||\u00bb header_2_font=\u00bbMontserrat|300|||||||\u00bb header_2_font_size=\u00bb60px\u00bb header_2_line_height=\u00bb1.2em\u00bb max_width=\u00bb1015px\u00bb max_width_tablet=\u00bb\u00bb max_width_phone=\u00bb\u00bb max_width_last_edited=\u00bbon|desktop\u00bb custom_padding=\u00bb|0px||||\u00bb header_2_font_size_tablet=\u00bb40px\u00bb header_2_font_size_phone=\u00bb32px\u00bb header_2_font_size_last_edited=\u00bbon|phone\u00bb]<\/p>\n<h2 style=\"text-align: justify;\"><b>\u00bfQu\u00e9 es?<\/b><\/h2>\n<p><b>Road to Innovate<\/b> es un programa de actividades realizadas en las principales ciudades de Centroam\u00e9rica para convocar y preparar a emprendedores emergentes que cuenten con una idea de negocio innovadora, ya establecida y en proceso de consolidaci\u00f3n.<span>\u00a0<\/span><\/p>\n<p>Los emprendimientos finalistas seleccionados durante la convocatoria, acceder\u00e1n a un taller para emprendimientos en donde se preparar\u00e1n para competir por categor\u00edas en el evento final. Los ganadores de cada categor\u00eda tendr\u00e1n la oportunidad de presentar su proyecto y representar a su pa\u00eds en el Innovate Entrepreneurship Summit en Guatemala en oto\u00f1o del 2025.<\/p>\n<p>*Todos los gastos de viaje y hospedaje ser\u00e1n cubiertos por la Fundaci\u00f3n<\/p>\n<p>[\/et_pb_text][\/et_pb_column][\/et_pb_row][et_pb_row _builder_version=\u00bb3.25&#8243; custom_margin=\u00bb|auto|1px|auto||\u00bb locked=\u00bboff\u00bb][et_pb_column type=\u00bb4_4&#8243; _builder_version=\u00bb3.25&#8243; custom_padding=\u00bb|||\u00bb custom_padding__hover=\u00bb|||\u00bb][et_pb_text _builder_version=\u00bb4.4.3&#8243; text_font=\u00bb||||||||\u00bb text_font_size=\u00bb20px\u00bb text_line_height=\u00bb1.9em\u00bb header_font=\u00bb||||||||\u00bb header_2_font=\u00bbMontserrat|300|||||||\u00bb header_2_font_size=\u00bb60px\u00bb header_2_line_height=\u00bb1.2em\u00bb max_width=\u00bb1043px\u00bb max_width_tablet=\u00bb\u00bb max_width_phone=\u00bb\u00bb max_width_last_edited=\u00bbon|desktop\u00bb custom_margin=\u00bb|-25px||||\u00bb header_2_font_size_tablet=\u00bb40px\u00bb header_2_font_size_phone=\u00bb32px\u00bb header_2_font_size_last_edited=\u00bbon|phone\u00bb]<\/p>\n<h2 style=\"text-align: left;\"><b>\u00bfPor qu\u00e9 participar en el Road to Innovate?<\/b><\/h2>\n<p><strong>Los finalistas recibir\u00e1n acceso a:<\/strong><\/p>\n<ul>\n<li>Di\u00e1logo y mentor\u00edas con\u00a0expertos en temas de innovaci\u00f3n, emprendimiento,\u00a0liderazgo, inversi\u00f3n y negocios.<\/li>\n<li>Diplomados para consolidar su estrategia de negocio.<\/li>\n<li>Unirse a la comunidad emprendedora de Innovate, con acceso a\u00a0espacios permanentes de networking, mentor\u00edas, lightning talks y pitch decks.<\/li>\n<li>Oportunidad de acercar sus productos o servicios a m\u00e1s personas<\/li>\n<\/ul>\n<p>[\/et_pb_text][\/et_pb_column][\/et_pb_row][et_pb_row _builder_version=\u00bb3.25&#8243; custom_margin=\u00bb|auto|2px|auto||\u00bb locked=\u00bboff\u00bb][et_pb_column type=\u00bb4_4&#8243; _builder_version=\u00bb3.25&#8243; custom_padding=\u00bb|||\u00bb custom_padding__hover=\u00bb|||\u00bb][et_pb_text _builder_version=\u00bb4.4.3&#8243; text_font=\u00bb||||||||\u00bb text_font_size=\u00bb20px\u00bb text_line_height=\u00bb1.9em\u00bb header_font=\u00bb||||||||\u00bb header_2_font=\u00bbMontserrat|300|||||||\u00bb header_2_font_size=\u00bb60px\u00bb header_2_line_height=\u00bb1.2em\u00bb max_width=\u00bb1043px\u00bb max_width_tablet=\u00bb\u00bb max_width_phone=\u00bb\u00bb max_width_last_edited=\u00bbon|desktop\u00bb custom_margin=\u00bb|-25px||||\u00bb header_2_font_size_tablet=\u00bb40px\u00bb header_2_font_size_phone=\u00bb32px\u00bb header_2_font_size_last_edited=\u00bbon|phone\u00bb]<\/p>\n<h2 style=\"text-align: left;\"><b>\u00bfQui\u00e9n Puede participar?<\/b><\/h2>\n<p>Emprendedores emergentes con productos o servicios innovadores, que desean generar cambios en su regi\u00f3n cuyo emprendimiento est\u00e1 dentro de las categor\u00edas de:<\/p>\n<ul><\/ul>\n<p>[\/et_pb_text][\/et_pb_column][\/et_pb_row][et_pb_row column_structure=\u00bb1_4,3_4&#8243; _builder_version=\u00bb4.4.3&#8243; min_height=\u00bb186px\u00bb][et_pb_column type=\u00bb1_4&#8243; _builder_version=\u00bb4.4.3&#8243;][et_pb_image src=\u00bbhttp:\/\/innovateprogramme.com\/wp-content\/uploads\/2023\/03\/SMART-CITIES.jpg\u00bb _builder_version=\u00bb4.4.3&#8243; width=\u00bb100%\u00bb max_width=\u00bb100%\u00bb][\/et_pb_image][\/et_pb_column][et_pb_column type=\u00bb3_4&#8243; _builder_version=\u00bb4.4.3&#8243;][et_pb_text _builder_version=\u00bb4.4.3&#8243; text_font_size=\u00bb20px\u00bb text_line_height=\u00bb2em\u00bb custom_margin=\u00bb||46px|||\u00bb border_radii=\u00bbon|3px|3px|3px|3px\u00bb]<\/p>\n<p><b>Ciudades Inteligentes<\/b><\/p>\n<ul>\n<li><span><span lang=\"ES-MX\">Mejoras al Gobierno (Govtech)<br \/> <\/span><\/span><\/li>\n<li><span lang=\"ES-MX\">Acceso, potabilizaci\u00f3n, saneamiento y uso eficiente de agua<\/span><\/li>\n<li><span lang=\"ES-MX\">Energ\u00edas renovables y uso eficiente de energ\u00eda<\/span><\/li>\n<li><span>Gesti\u00f3n sostenibles de residuos<\/span><br \/> <span><\/span><\/li>\n<li><span>Adaptaci\u00f3n, mitigaci\u00f3n y resiliencia al cambio clim\u00e1tico<br \/> <\/span><\/li>\n<li><span>Uso sostenible de\u00a0recursos biol\u00f3gicos<br \/> <\/span><\/li>\n<li><span>Conservaci\u00f3n y regeneraci\u00f3n de ecosistemas<\/span><\/li>\n<li><span lang=\"ES-MX\">Producci\u00f3n y consumo sostenibles y circulares<\/span><\/li>\n<li><span lang=\"ES-MX\">Modelos de negocio para la descarbonizaci\u00f3n<br \/> <\/span><\/li>\n<li><span>Dise\u00f1o sostenible<\/span><\/li>\n<li><span><span lang=\"ES-MX\">Vivienda y Construcci\u00f3n a trav\u00e9s de tecnolog\u00eda<\/span><br \/> <\/span><\/li>\n<li><span><span lang=\"ES-MX\">Modalidades de transporte m\u00e1s eficientes<\/span><\/span><\/li>\n<\/ul>\n<p>[\/et_pb_text][\/et_pb_column][\/et_pb_row][et_pb_row column_structure=\u00bb1_4,3_4&#8243; _builder_version=\u00bb4.4.3&#8243; min_height=\u00bb210px\u00bb][et_pb_column type=\u00bb1_4&#8243; _builder_version=\u00bb4.4.3&#8243;][et_pb_image src=\u00bbhttp:\/\/innovateprogramme.com\/wp-content\/uploads\/2023\/03\/ENERGIA.jpg\u00bb _builder_version=\u00bb4.4.3&#8243; width=\u00bb100%\u00bb max_width=\u00bb100%\u00bb][\/et_pb_image][\/et_pb_column][et_pb_column type=\u00bb3_4&#8243; _builder_version=\u00bb4.4.3&#8243;][et_pb_text _builder_version=\u00bb4.4.3&#8243; text_font_size=\u00bb20px\u00bb text_line_height=\u00bb2em\u00bb custom_margin=\u00bb||46px|||\u00bb border_radii=\u00bbon|3px|3px|3px|3px\u00bb]<\/p>\n<p style=\"text-align: justify;\"><strong style=\"font-size: 20px;\"><\/strong><\/p>\n<p><b><span lang=\"ES-MX\">Tecnolog\u00eda e\u00a0Innovaci\u00f3n<\/span><\/b><\/p>\n<ul>\n<li><span><span lang=\"ES-MX\">Servicios Financieros\u00a0para la inclusi\u00f3n (Fintech)<\/span><br \/> <\/span><\/li>\n<li><span><span lang=\"ES-MX\">Salud y uso de tecnolog\u00eda (Healthtech)<br \/> <\/span><\/span><\/li>\n<li><span><span lang=\"ES-MX\">Educaci\u00f3n con uso de tecnolog\u00eda (Edtech)<br \/> <\/span><\/span><\/li>\n<li><span>Nuevas tecnolog\u00edas sustentables (Greentech)<\/span><\/li>\n<li><span><span lang=\"ES-MX\">Sector agropecuario y uso de tecnolog\u00eda (Agtech)<\/span><\/span><\/li>\n<\/ul>\n<p>[\/et_pb_text][\/et_pb_column][\/et_pb_row][et_pb_row column_structure=\u00bb1_4,3_4&#8243; _builder_version=\u00bb4.4.3&#8243; min_height=\u00bb188px\u00bb custom_margin=\u00bb-23px|auto||auto||\u00bb custom_padding=\u00bb47px||0px|||\u00bb][et_pb_column type=\u00bb1_4&#8243; _builder_version=\u00bb4.4.3&#8243;][et_pb_image src=\u00bbhttp:\/\/innovateprogramme.com\/wp-content\/uploads\/2023\/03\/TECH.jpg\u00bb _builder_version=\u00bb4.4.3&#8243; width=\u00bb100%\u00bb max_width=\u00bb100%\u00bb][\/et_pb_image][\/et_pb_column][et_pb_column type=\u00bb3_4&#8243; _builder_version=\u00bb4.4.3&#8243;][et_pb_text _builder_version=\u00bb4.4.3&#8243; text_font_size=\u00bb20px\u00bb text_line_height=\u00bb2em\u00bb custom_margin=\u00bb||46px|||\u00bb border_radii=\u00bbon|3px|3px|3px|3px\u00bb]<\/p>\n<p><span><b>Impacto social<\/b><\/span><\/p>\n<ul>\n<li><span lang=\"ES-MX\">Modelos de negocio con prop\u00f3sito social\u00a0<\/span><\/li>\n<li><span lang=\"ES-MX\">Apoyo y empoderamiento de comunidades locales<\/span><\/li>\n<li><span lang=\"ES-MX\">Negocios que favorezcan la diversidad e inclusi\u00f3n<\/span><\/li>\n<li><span>Gobernanza y riqueza distribuida<\/span><\/li>\n<li><span>Acceso a servicios b\u00e1sicos<\/span><\/li>\n<li><span>Empoderamiento y desarrollo de emprendimientos<\/span><\/li>\n<\/ul>\n<p>[\/et_pb_text][\/et_pb_column][\/et_pb_row][et_pb_row _builder_version=\u00bb4.5.3&#8243; min_height=\u00bb348px\u00bb custom_margin=\u00bb|auto|-52px|auto||\u00bb][et_pb_column type=\u00bb4_4&#8243; _builder_version=\u00bb4.4.3&#8243;][et_pb_text _builder_version=\u00bb4.5.3&#8243; _module_preset=\u00bbdefault\u00bb text_font_size=\u00bb21px\u00bb text_line_height=\u00bb2.1em\u00bb header_font_size=\u00bb51px\u00bb width=\u00bb100%\u00bb]<\/p>\n<p>Debe ser un Start-Up\/emprendimiento:<\/p>\n<ul>\n<li>Constituido en Centroam\u00e9rica<\/li>\n<li>Comprueba que la idea de negocio es propia<\/li>\n<li>Ofrece servicios o productos innovadores\u00a0con un producto m\u00ednimo viable<\/li>\n<li>Tiene m\u00ednimo un a\u00f1o y m\u00e1ximo 5 a\u00f1os de existencia<\/li>\n<li>Al menos un fundador del Start-Up\/Emprendimiento y la persona que les represente tenga entre 20 y 50 a\u00f1os.<\/li>\n<li>Start-Ups\/Emprendimientos que hayan participado en ediciones anteriores del proyecto Innovate y no hayan ganado puedan participar nuevamente.<\/li>\n<\/ul>\n<p>[\/et_pb_text][\/et_pb_column][\/et_pb_row][et_pb_row _builder_version=\u00bb3.25&#8243; custom_margin=\u00bb||60px|\u00bb locked=\u00bboff\u00bb][et_pb_column type=\u00bb4_4&#8243; _builder_version=\u00bb3.25&#8243; custom_padding=\u00bb|||\u00bb custom_padding__hover=\u00bb|||\u00bb][et_pb_text _builder_version=\u00bb4.4.3&#8243; text_font=\u00bb||||||||\u00bb text_font_size=\u00bb20px\u00bb text_line_height=\u00bb1.9em\u00bb header_font=\u00bb||||||||\u00bb header_2_font=\u00bbMontserrat|300|||||||\u00bb header_2_font_size=\u00bb60px\u00bb header_2_line_height=\u00bb1.2em\u00bb max_width=\u00bb1043px\u00bb max_width_tablet=\u00bb\u00bb max_width_phone=\u00bb\u00bb max_width_last_edited=\u00bbon|desktop\u00bb custom_margin=\u00bb|-25px||||\u00bb header_2_font_size_tablet=\u00bb40px\u00bb header_2_font_size_phone=\u00bb32px\u00bb header_2_font_size_last_edited=\u00bbon|phone\u00bb]<\/p>\n<h2><b>\u00bfC\u00f3mo puedo participar?<\/b><\/h2>\n<p>Llenar el formulario, con sus datos de contacto e informaci\u00f3n breve sobre tu\u00a0proyecto (no hay ning\u00fan costo para registrar ni participar en el final)[\/et_pb_text][et_pb_text _builder_version=\u00bb4.4.3&#8243; text_font_size=\u00bb34px\u00bb custom_padding=\u00bb||1px|||\u00bb]<\/p>\n<p style=\"text-align: center;\">Convocatoria y registro de emprendimientos:<\/p>\n<p>[\/et_pb_text][et_pb_button button_url=\u00bbhttps:\/\/innovateprogramme.com\/index.php\/registro-roads-to-innovate\/\u00bb url_new_window=\u00bbon\u00bb button_text=\u00bb\u00a1REGISTRATE AQU\u00cd!\u00bb button_alignment=\u00bbcenter\u00bb _builder_version=\u00bb4.5.3&#8243; custom_button=\u00bbon\u00bb button_text_color=\u00bb#ffffff\u00bb button_bg_color=\u00bb#0c71c3&#8243; button_border_radius=\u00bb50px\u00bb locked=\u00bboff\u00bb][\/et_pb_button][et_pb_button button_url=\u00bbhttps:\/\/innovateprogramme.com\/wp-content\/uploads\/2025\/02\/Bases-de-Participacion-Road-MX-CA-2025.pdf\u00bb url_new_window=\u00bbon\u00bb button_text=\u00bbVer bases de participaci\u00f3n\u00bb button_alignment=\u00bbcenter\u00bb _builder_version=\u00bb4.5.3&#8243; custom_button=\u00bbon\u00bb button_text_color=\u00bb#ffffff\u00bb button_bg_color=\u00bb#ff4e73&#8243; button_border_radius=\u00bb50px\u00bb locked=\u00bboff\u00bb][\/et_pb_button][\/et_pb_column][\/et_pb_row][\/et_pb_section][et_pb_section fb_built=\u00bb1&#8243; admin_label=\u00bbSponsors\u00bb _builder_version=\u00bb3.22&#8243;][et_pb_row _builder_version=\u00bb3.25&#8243;][et_pb_column type=\u00bb4_4&#8243; _builder_version=\u00bb3.25&#8243; custom_padding=\u00bb|||\u00bb custom_padding__hover=\u00bb|||\u00bb][et_pb_text _builder_version=\u00bb4.4.3&#8243; text_font=\u00bbMontserrat||||||||\u00bb text_font_size=\u00bb20px\u00bb text_line_height=\u00bb1.9em\u00bb header_font=\u00bb||||||||\u00bb header_2_font=\u00bbMontserrat|300|||||||\u00bb header_2_font_size=\u00bb50px\u00bb header_2_line_height=\u00bb1.2em\u00bb text_orientation=\u00bbcenter\u00bb max_width=\u00bb700px\u00bb max_width_tablet=\u00bb\u00bb max_width_phone=\u00bb\u00bb max_width_last_edited=\u00bbon|desktop\u00bb module_alignment=\u00bbcenter\u00bb header_2_font_size_tablet=\u00bb40px\u00bb header_2_font_size_phone=\u00bb32px\u00bb header_2_font_size_last_edited=\u00bbon|phone\u00bb]<\/p>\n<h2><strong>Organizan:<\/strong><\/h2>\n<p>[\/et_pb_text][\/et_pb_column][\/et_pb_row][et_pb_row column_structure=\u00bb1_3,1_3,1_3&#8243; _builder_version=\u00bb3.25&#8243; custom_margin_tablet=\u00bb\u00bb custom_margin_phone=\u00bb\u00bb custom_margin_last_edited=\u00bbon|phone\u00bb][et_pb_column type=\u00bb1_3&#8243; _builder_version=\u00bb3.25&#8243; custom_padding=\u00bb|||\u00bb custom_padding__hover=\u00bb|||\u00bb][et_pb_image src=\u00bbhttp:\/\/innovateprogramme.com\/wp-content\/uploads\/2020\/11\/fnst-sm-1mexico.png\u00bb align_tablet=\u00bbcenter\u00bb align_phone=\u00bb\u00bb align_last_edited=\u00bbon|desktop\u00bb _builder_version=\u00bb4.4.3&#8243; module_alignment=\u00bbcenter\u00bb custom_margin=\u00bb|||\u00bb animation_style=\u00bbzoom\u00bb animation_direction=\u00bbbottom\u00bb animation_intensity_zoom=\u00bb10%\u00bb][\/et_pb_image][\/et_pb_column][et_pb_column type=\u00bb1_3&#8243; _builder_version=\u00bb3.25&#8243; custom_padding=\u00bb|||\u00bb custom_padding__hover=\u00bb|||\u00bb][et_pb_image src=\u00bbhttp:\/\/innovateprogramme.com\/wp-content\/uploads\/2020\/12\/LOGO-ALIANZA-fondo-blanco.jpg\u00bb align_tablet=\u00bbcenter\u00bb align_phone=\u00bb\u00bb align_last_edited=\u00bbon|desktop\u00bb _builder_version=\u00bb4.4.3&#8243; module_alignment=\u00bbcenter\u00bb custom_margin=\u00bb|||\u00bb animation_style=\u00bbzoom\u00bb animation_direction=\u00bbbottom\u00bb animation_intensity_zoom=\u00bb10%\u00bb][\/et_pb_image][\/et_pb_column][et_pb_column type=\u00bb1_3&#8243; _builder_version=\u00bb3.25&#8243; custom_padding=\u00bb|||\u00bb custom_padding__hover=\u00bb|||\u00bb][et_pb_image src=\u00bbhttp:\/\/innovateprogramme.com\/wp-content\/uploads\/2020\/11\/fnst-sm-1.png\u00bb align_tablet=\u00bbcenter\u00bb align_phone=\u00bb\u00bb align_last_edited=\u00bbon|desktop\u00bb _builder_version=\u00bb4.4.3&#8243; module_alignment=\u00bbcenter\u00bb custom_margin=\u00bb|||\u00bb animation_style=\u00bbzoom\u00bb animation_direction=\u00bbbottom\u00bb animation_intensity_zoom=\u00bb10%\u00bb][\/et_pb_image][\/et_pb_column][\/et_pb_row][\/et_pb_section]<\/p>\n","protected":false},"excerpt":{"rendered":"<p>[et_pb_section fb_built=\u00bb1&#8243; _builder_version=\u00bb4.4.3&#8243;][et_pb_row _builder_version=\u00bb4.4.3&#8243;][et_pb_column type=\u00bb4_4&#8243; _builder_version=\u00bb4.4.3&#8243;][et_pb_text _builder_version=\u00bb4.4.3&#8243; header_font=\u00bb|700|||||||\u00bb header_text_color=\u00bb#0c71c3&#8243; header_font_size=\u00bb100px\u00bb] Roads to Innovate Centroam\u00e9rica 2025 [\/et_pb_text][et_pb_button button_url=\u00bbhttps:\/\/docs.google.com\/forms\/d\/e\/1FAIpQLSfCRvjKcMTvvpds8nEoE31wZUG5PPMrr2Cpl3nXu8LFZFNjNA\/viewform?usp=dialog\u00bb url_new_window=\u00bbon\u00bb button_text=\u00bb\u00a1REGISTRATE AQU\u00cd!\u00bb button_alignment=\u00bbcenter\u00bb _builder_version=\u00bb4.5.3&#8243; custom_button=\u00bbon\u00bb button_text_color=\u00bb#ffffff\u00bb button_bg_color=\u00bb#0c71c3&#8243; button_border_radius=\u00bb50px\u00bb hover_enabled=\u00bb0&#8243;][\/et_pb_button][et_pb_button button_url=\u00bbhttps:\/\/innovateprogramme.com\/wp-content\/uploads\/2025\/02\/Bases-de-Participacion-Road-MX-CA-2025.pdf\u00bb url_new_window=\u00bbon\u00bb button_text=\u00bbVer bases de participaci\u00f3n\u00bb button_alignment=\u00bbcenter\u00bb _builder_version=\u00bb4.5.3&#8243; custom_button=\u00bbon\u00bb button_text_color=\u00bb#ffffff\u00bb button_bg_color=\u00bb#ff4e73&#8243; button_border_radius=\u00bb50px\u00bb][\/et_pb_button][\/et_pb_column][\/et_pb_row][\/et_pb_section][et_pb_section fb_built=\u00bb1&#8243; custom_padding_last_edited=\u00bbon|tablet\u00bb admin_label=\u00bbSchedule\u00bb _builder_version=\u00bb4.4.3&#8243; background_color=\u00bb#fcfcfc\u00bb background_color_gradient_direction=\u00bb90deg\u00bb background_image=\u00bbhttp:\/\/innovateprogramme.com\/wp-content\/uploads\/2020\/11\/Innovate_Logo-2020W.png\u00bb background_size=\u00bbcontain\u00bb background_position=\u00bbtop_center\u00bb width=\u00bb100%\u00bb max_width_tablet=\u00bb\u00bb max_width_phone=\u00bb100%\u00bb max_width_last_edited=\u00bbon|phone\u00bb custom_margin=\u00bb|||\u00bb custom_padding=\u00bb|10vw||\u00bb custom_padding_tablet=\u00bb|0vw||\u00bb [&hellip;]<\/p>\n","protected":false},"author":1,"featured_media":0,"parent":0,"menu_order":0,"comment_status":"closed","ping_status":"closed","template":"","meta":{"_et_pb_use_builder":"on","_et_pb_old_content":"","_et_gb_content_width":"","_monsterinsights_skip_tracking":false,"_monsterinsights_sitenote_active":false,"_monsterinsights_sitenote_note":"","_monsterinsights_sitenote_category":0,"footnotes":""},"class_list":["post-1738","page","type-page","status-publish","hentry"],"_links":{"self":[{"href":"https:\/\/innovateprogramme.com\/index.php\/wp-json\/wp\/v2\/pages\/1738","targetHints":{"allow":["GET"]}}],"collection":[{"href":"https:\/\/innovateprogramme.com\/index.php\/wp-json\/wp\/v2\/pages"}],"about":[{"href":"https:\/\/innovateprogramme.com\/index.php\/wp-json\/wp\/v2\/types\/page"}],"author":[{"embeddable":true,"href":"https:\/\/innovateprogramme.com\/index.php\/wp-json\/wp\/v2\/users\/1"}],"replies":[{"embeddable":true,"href":"https:\/\/innovateprogramme.com\/index.php\/wp-json\/wp\/v2\/comments?post=1738"}],"version-history":[{"count":26,"href":"https:\/\/innovateprogramme.com\/index.php\/wp-json\/wp\/v2\/pages\/1738\/revisions"}],"predecessor-version":[{"id":2288,"href":"https:\/\/innovateprogramme.com\/index.php\/wp-json\/wp\/v2\/pages\/1738\/revisions\/2288"}],"wp:attachment":[{"href":"https:\/\/innovateprogramme.com\/index.php\/wp-json\/wp\/v2\/media?parent=1738"}],"curies":[{"name":"wp","href":"https:\/\/api.w.org\/{rel}","templated":true}]}}